 = c. Suppose -5*u = -25, -l + 63 - c = 5*u. Is l a prime number?
False
Let g(o) = -o + 9. Let n be g(12). Is ((-105)/n - -3)*1 a prime number?
False
Suppose 6*t = t - 25. Let h(j) = 6*j**2 - 7*j - 5. Let r be h(t). Let b = r + -113. Is b a composite number?
False
Let b(q) be the first derivative of q**4/4 + 137*q - 1. Let n be b(0). Let w = 258 - n. Is w prime?
False
Let v be ((-1)/(-2))/((-1)/(-6)). Suppose -v*x + 102 = 3*o, 141 = x + 3*x + 5*o. Suppose -5*s = -m - 568, s - x - 87 = m. Is s a composite number?
False
Let l(f) = -f**2 - 6*f + 2. Let q be l(-6). Suppose 16 = -2*h + 2*r, 5*h - q*r = -5*r - 48. Let m = -5 - h. Is m a composite number?
True
Let f = 47 - 41. Let u be 26/6 + 2/(-6). Suppose u*r = r + f. Is r a composite number?
False
Let l = 2 - 4. Is (-82)/(l*(-3)/(-15)) a prime number?
False
Let g = -6 - -3. Is 0 + (g - -6) - 0 prime?
True
Suppose -5*i = -8*i + 90. Let q = i + -15. Is q a composite number?
True
Let y(g) be the first derivative of g**3/3 - 3*g**2 - 9*g - 2. Is y(-7) composite?
True
Let v = -3 + 1. Let q be 5*(0 - -1) - v. Let d(y) = y**2 - y - 5. Is d(q) a composite number?
False
Let h be (0 - -1)/((-3)/2313). Is h/(-15) - (-4)/(-10) prime?
False
Let l(m) = m**2 - 4*m + 3. Let h be l(3). Suppose -5*p + 981 = -3*x, -2*p + p + 3*x + 201 = h. Suppose -2*c + p = c. Is c a prime number?
False
Suppose -g + 697 = -5*n, -n - 1358 = -3*g + g. Is g a prime number?
True
Let f(y) = 45*y**2 - 26*y - 6. Is f(-5) a composite number?
False
Let a = 797 - 498. Is a composite?
True
Suppose -h + 2*s - 9 + 1 = 0, 3*h + 3*s + 6 = 0. Let g(f) = -9*f - 5. Is g(h) prime?
True
Let a(t) = t**2 - 8*t + 7. Suppose -9 = -b - 1. Is a(b) composite?
False
Let f(d) = 11*d + 13*d - 2 + 1. Let g be f(3). Suppose i - 4*i - 3*w = -63, 3*i + w - g = 0. Is i a prime number?
False
Let x(l) = 24*l**2 + 5*l - 17. Is x(6) prime?
True
Suppose 4*x = -5*r + 17070, -x = -3*r - 6*x + 10229. Is r a prime number?
False
Suppose 21 = 2*w - 5*w. Let s(o) = -4*o**2 + 14*o - 4. Let h(d) = -3*d**2 + 9*d - 3. Let c(p) = w*h(p) + 5*s(p). Is c(6) composite?
False
Suppose 0*v + 4*v - 23 = -3*f, -5*v = -25. Let c(y) = -13*y**3 + 2*y**2 - y. Let a be c(f). Let b = a + 50. Is b prime?
False
Suppose -2*w + 3*w - 12 = 0. Suppose 0 = 2*q - 5*q + w. Suppose 3*o = q*o - 149. Is o prime?
True
Let t(m) = 2*m**2 - 4*m - 5. Is t(-6) composite?
True
Is (-30)/(-50) - 2352/(-5) a composite number?
True
Let l be 1 - (12 - (-1 - -3)). Let s = l + 9. Suppose -3*i + 5*v + 48 = -149, s = -5*i + 5*v + 345. Is i a composite number?
True
Suppose -s - 2*f = 6, 3*s + 5*f + 6 = -7. Suppose j - s*o - 3 = 0, 0 = -2*j - 2*j + 3*o + 12. Let w(a) = 5*a - 1. Is w(j) a prime number?
False
Let x(f) = 1 + 22*f + 2 + f. Let z(o) = 15*o + 2. Let i(q) = -5*x(q) + 7*z(q). Is i(-6) a prime number?
True
Suppose z + 14694 = f + 6*z, -3*f - 3*z + 44094 = 0. Is f a composite number?
False
Suppose 3*f - b - 19 = 0, b + 4 + 0 = 0. Suppose 0 = f*d - 4*y - 105 - 9, -72 = -2*d - 5*y. Is d composite?
True
Let s(t) = 12*t**2 - 2*t + 7. Is s(-5) composite?
False
Is (1644/(-10))/((-2)/5) a composite number?
True
Let c be (-3)/6*6 + 3. Suppose c = -2*u + 44 + 62. Is u composite?
False
Let v = 4 - 1. Let o be 28/(1*v/6). Let l = -3 + o. Is l a prime number?
True
Let m = -19 - -24. Suppose m*r - 565 = -0*r. Is r prime?
True
Suppose 0 = -5*u - 3*q + 4, 5*u + q = -0 + 8. Suppose 4*z + 6*b - 4 = u*b, z - 3 = b. Suppose 0*d - 2*d = 3*i - 158, 0 = z*i. Is d prime?
True
Let u(g) = g**3 - 7*g**2 + g - 2. Let z be u(7). Is 4 - z - (1 + -85) a composite number?
False
Let s = -17 + 13. Is 1508/(-39)*6/s a prime number?
False
Let c(s) = -15*s - 1. Is c(-8) a prime number?
False
Suppose -352 = -4*x + 7*m - 2*m, 4*x + 2*m - 324 = 0. Is x a composite number?
False
Let w(u) = -5*u**2 + 7*u + 5*u**3 - 3*u**3 - 5 + 2*u**2 - u**3. Is w(6) a prime number?
False
Let o(u) = -16*u**3 + 2*u**2 - 7*u - 2. Is o(-4) a composite number?
True
Suppose -2*j - 716 - 2616 = 0. Is (-6)/10 + j/(-85) prime?
True
Let l = 5173 + -3024. Is l composite?
True
Let q(u) = 2*u**2 + 4*u**2 - 7*u**2 + 21. Is q(0) prime?
False
Let m = 364 + -180. Suppose 0 = -13*c + 9*c + 4. Is m - (c - (2 - 0)) a composite number?
True
Let v be 58/(-4) - 2/(-4). Is 1/(-2)*3*v prime?
False
Let o = 756 + -282. Is o/(-9)*6/(-4) prime?
True
Let q = -131 + 294. Is q a composite number?
False
Is (-22305)/(-75) + (-2)/5 - -1 a composite number?
True
Let y = 0 + 7. Let a = y + -3. Suppose -5*s = -3*z - 437, -289 = -5*s + a*z + 152. Is s prime?
False
Is (-5604)/8*12/(-18) composite?
False
Suppose -2*a = 2*b, a - 3 = -5*b + 17. Let c(w) = w**3 - 2*w**2 - w + 7. Is c(b) a prime number?
False
Let u(y) = 19*y**3 + 2*y**2 - y - 2. Let w be u(2). Suppose -w = -3*i + 477. Is i prime?
True
Let q(z) be the first derivative of -z**4/4 - 4*z**3 - 6*z**2 + 12*z + 3. Is q(-11) prime?
True
Is -4 - 5/((-15)/1881) a prime number?
False
Let b be (-6 + 4)/(4/(-10)). Let u(z) = 5*z**2 + 4*z - 4. Is u(b) a prime number?
False
Let b be 15/10*(-8)/(-6). Suppose -b*w + 24 = -w. Suppose 2*p - w = -10. Is p prime?
True
Let s be (-12)/(-8) - 165/(-2). Let k be (-1)/((-4)/6)*2. Suppose -s = k*j - 465. Is j composite?
False
Let y be 2 + 1/((-3)/(-3186)). Let m(t) = t + 595. Let j be m(0). Let i = y - j. Is i prime?
False
Let g = -938 - -2187. Is g a composite number?
False
Let i(v) = -v**2 - 4*v - 5. Let f be i(-4). Let c(h) = 12*h**2 + 6*h - 7. Is c(f) composite?
False
Suppose -5*w = -4*w - 4. Suppose 3 = 2*p - 3*g - 29, 4*p - 20 = -5*g. Suppose i - p = -w*r + 25, 3*i - 24 = -3*r. Is r prime?
False
Let r(u) = -7*u - 7. Let t be r(-8). Suppose 4*m - 124 = -5*j, -4*m + 4*j + t = -75. Is m a prime number?
True
Let o = -583 + 890. Is o composite?
False
Suppose -g = -3*p + 475, -2*g - 1390 = g - 2*p. Let i be 2 + -3 + g/(-2). Is 4/8 + i/2 a prime number?
False
Let b(y) = -y + y**3 + 19 - 2*y + 2*y + 2*y. Is b(0) composite?
False
Let j be ((-97)/2)/(12/48). Is (j/(-4))/((-4)/(-8)) prime?
True
Let j(x) = x + 10. Let s be j(-8). Suppose s*v + 26 = 5*m - 0*v, -4*m = 5*v - 1. Let u(c) = -c**3 + 4*c**2 + 6*c - 5. Is u(m) a composite number?
False
Suppose 1065 = 2*j - 3*w, -3*j = w - 0*w - 1603. Let v = j - 769. Is 4/5*v/(-2) a composite number?
True
Let r = -31 + 38. Is r composite?
False
Let a = 2914 + -1371. Is a a composite number?
False
Suppose 4 = -4*z, -u - 2*u - 4*z = -2. Suppose -s = u*i - 8, -4*s = 3*i - 4*i - 14. Suppose 2*v + 0 = s. Is v a prime number?
True
Suppose 4*h = y - 1205, -2*h + 2 = -h. Is y composite?
False
Suppose 4*z - 2*g = -z + 47, 3*z = 2*g + 29. Let m = -6 + z. Is m composite?
False
Let o(u) = 4*u - 3*u**2 - 6 - 5*u + 4*u**2 + 3*u**2. Is o(5) a prime number?
True
Suppose -j - 5*i = -0*i - 892, -5*i = -4*j + 3493. Is j a prime number?
True
Let z = 694 - 407. Is z a composite number?
True
Let g(s) = s**3 + 2*s**2 + 3*s. Let x be g(-2). Let c = x - -2. Let z(o) = -8*o - 1. Is z(c) composite?
False
Let b(t) = -t**3 - 2*t**2 - t - 4. Let q be b(-5). Suppose 4*s + q = 4*z + 304, -z = 0. Is s a composite number?
True
Suppose -3*i - 2*d = -5*i + 588, 4*i - 1170 = -2*d. Is i prime?
True
Let d = 240 + 431. Is d/3 - 8/12 a prime number?
True
Let o = -1 - -5. Suppose 2*z = 10, -5*h + o*z = -30 - 55. Is h composite?
True
Suppose 0*g - g - 2*i - 301 = 0, -3*i - 606 = 2*g. Is 1/(-4) + g/(-4) prime?
False
Let t = -4 - -6. Let y = -1 + t. Is 62*(6/4 - y) composite?
False
Let q(s) = 157*s**2 + s - 1. Let g = 2 + -1. Is q(g) a composite number?
False
Suppose 7*b - 2*g = 2*b + 785, 2*b - g = 315. Suppose 4*q = -3*r + 3*q + 170, 0 = -3*r + 2*q + b. Is r composite?
True
Is 3*213/9*5 composite?
True
Let r = -17 - -66. Suppose p - r = -0*p. Is p a composite number?
True
Suppose 3*i + 6 = 4*i. Let v(f) = 8*f - 1. Is v(i) a prime number?
True
Let a(d) = 2*d - 6 + 15 - 7*d. Is a(-12) a prime number?
False
Is 5/(5/(-2)) + 91 a composite number?
False
Let c be ((-6)/9)/(2/(-9)). Let m(r) = 2*r**2 + r**3 + c*r**2 + 4 - 1. Is m(-4) prime?
True
Suppose 3*q = 5*q - 60. Suppose 50 = -0*l + 3*l - 5*j, 4*j + q = 2*l. Is l a composite number?
True
Suppose 5*u - 421 = -2*q, -u = 3*q + 2*q - 98. Is u prime?
True
Let g = 5 + 330. Is g prime?
False
Let r(l) = -8*l**3 + 5*l**2 + 4*l + 2. Is r(-3) a prime number?
True
Let i = -13 + 18. Suppose -s